 - 1500614. What is j(-6)?
4
Let m(x) = x**3 - 31*x**2 + 387*x - 38826. Calculate m(43).
3
Let k(n) = 20*n**2 - 184*n + 1002. Determine k(5).
582
Let u(c) = -262*c**2 - 2421*c - 47. Give u(-9).
520
Let k(r) = 2*r**3 - 8*r**2 - 57*r + 110. Calculate k(9).
407
Let m(d) = d**3 + 371*d**2 - 378*d - 2238. Give m(-372).
-6
Let f(z) = -19317*z + 270439. Give f(14).
1
Let a(b) = -b**2 + 74*b + 1900. Give a(95).
-95
Let r(f) = -949*f - 19112. Calculate r(-20).
-132
Let i(a) = 4141*a + 1403811. Determine i(-339).
12
Let n(k) = 40885*k + 14105332. What is n(-345)?
7
Let n(a) = -a**3 - 2541*a**2 + 142731*a - 127222. Give n(-2596).
-18
Let y(l) = -215*l**2 + 48588*l + 452. Calculate y(226).
0
Let p(y) = y**3 + 11*y**2 + 32*y + 50. Determine p(-3).
26
Let o(i) = 55*i**3 + 46*i**2 + 255*i + 208. Calculate o(-1).
-56
Let v(i) = -253*i**2 - 688*i + 2891. Give v(-5).
6
Let x(f) = -2*f**3 + 92*f**2 + 8*f - 16. What is x(46)?
352
Let s(i) = 1489*i - 25317. Give s(17).
-4
Let r(z) = -z**2 + 808*z - 36430. Determine r(46).
-1378
Let v(w) = 539260*w + 4853337. Determine v(-9).
-3
Let h(t) = -4*t**3 - 1287*t**2 - 320*t - 206741. What is h(-322)?
-17
Let y(f) = 706*f - 54378. Give y(77).
-16
Let m(w) = 8*w**3 + 977*w**2 + 161*w + 4808. Give m(-122).
50
Let q(p) = -4*p**3 - 148*p**2 - 1758*p - 65044. Determine q(-37).
2
Let u(s) = 5*s**3 - 113*s**2 - 27*s - 545. Calculate u(23).
-108
Let d(m) = -5*m**3 + 89*m**2 - 138*m + 1178. Calculate d(17).
-12
Let q(l) = -7*l**2 + 841*l + 647. Calculate q(121).
-79
Let y(h) = 6*h**2 + 1780*h + 65532. Calculate y(-43).
86
Let q(l) = -5*l**2 - 130*l - 139. Determine q(-23).
206
Let b(y) = y**3 + 9*y**2 - 8599*y - 51719. Determine b(-6).
-17
Let d(y) = y**2 + 911*y - 6398. Give d(7).
28
Let b(s) = s**2 - 239*s + 13763. Determine b(96).
35
Let t(r) = 3*r**2 + 11*r - 10. Determine t(9).
332
Let f(r) = 3541*r + 56666. What is f(-16)?
10
Let o(p) = 7*p**2 + 287*p + 1044. Give o(-37).
8
Let n(b) = 4*b**2 + 148*b - 176. Give n(-28).
-1184
Let j(a) = -35*a**2 + 2208*a + 11046. Calculate j(-5).
-869
Let t(j) = -j**3 - 69*j**2 + 46*j + 65. Calculate t(-70).
1745
Let q(s) = -2*s**2 + 1996*s - 136749. Calculate q(74).
3
Let y(h) = -h**2 + 4878*h - 72943. Give y(15).
2
Let o(l) = 6298*l + 138602. Calculate o(-22).
46
Let u(j) = 121016*j**2 + 726092*j - 33. What is u(-6)?
-9
Let u(f) = -f**3 - 4*f**2 - 50128*f - 100248. What is u(-2)?
0
Let w(j) = j**3 + 17*j**2 + 11410*j + 193945. What is w(-17)?
-25
Let w(f) = 4*f**2 + 934*f + 2328. Determine w(-231).
18
Let x(h) = -h**3 - 23*h**2 + 6*h + 1634. Give x(-12).
-22
Let d(l) = 271*l**2 - 104*l - 219. Calculate d(-2).
1073
Let n(z) = 7*z**2 + 3404*z - 2439. Give n(-487).
-4
Let b(n) = -6*n - 740. What is b(-66)?
-344
Let d(r) = -21056*r - 652475. Calculate d(-31).
261
Let d(g) = 459*g**2 + 6425*g - 47. Determine d(-14).
-33
Let f(m) = 115*m**3 - 8039*m**2 - 771*m + 60. Calculate f(70).
-10
Let g(p) = p**3 + 71*p**2 + 586*p + 1369. What is g(-64)?
-7463
Let q(g) = 18413*g - 73644. What is q(4)?
8
Let h(m) = -m**2 - 504*m - 12471. What is h(-478)?
-43
Let k(p) = 13705*p + 68412. Determine k(-5).
-113
Let j(u) = 1637*u - 78712. Determine j(48).
-136
Let m(h) = -181*h - 6175. What is m(-42)?
1427
Let w(b) = 5656*b - 327210. Determine w(58).
838
Let a(y) = -12970*y + 7302097. Give a(563).
-13
Let t(h) = 4*h**2 - 140*h + 222. What is t(26)?
-714
Let r(i) = -189*i**2 - 3388*i + 284. What is r(-18)?
32
Let t(y) = -789*y - 95986. Determine t(-122).
272
Let y(q) = -6750*q + 178865. Determine y(27).
-3385
Let r(a) = -558*a**2 + 289600*a + 1072. Give r(519).
34
Let c(p) = -6315*p**2 - 56742*p + 843. Calculate c(-9).
6
Let s(b) = -2*b**3 + 27*b**2 + 99*b - 1446. What is s(13)?
10
Let t(j) = 2*j**3 + 19*j**2 + 358*j + 1844. What is t(-6)?
-52
Let k(b) = -39*b**3 + 35*b**2 + 160*b + 172. Determine k(-2).
304
Let r(p) = 24050*p + 48096. Calculate r(-2).
-4
Let m(u) = u**3 + 10*u**2 + 4*u + 563. Give m(-13).
4
Let h(y) = 33260*y - 6552223. What is h(197)?
-3
Let h(q) = -q**3 + q**2 + 2657*q + 261. Determine h(-51).
6
Let z(u) = u**3 + 17*u**2 - 573*u - 4483. Give z(-7).
18
Let i(b) = -2*b**3 + 280*b**2 + 371*b - 12541. Calculate i(141).
8
Let y(p) = -p**3 + 19*p**2 + 106*p - 112. Give y(16).
2352
Let w(s) = -9*s**2 + 2820*s - 60905. Determine w(290).
-5
Let c(x) = -203*x - 4916. What is c(-24)?
-44
Let n(h) = -7252*h + 311843. What is n(43)?
7
Let t(u) = -2*u**2 + 13333*u - 119802. Give t(9).
33
Let s(c) = -c**3 + 3*c**2 + 402*c - 2003. Give s(5).
-43
Let m(i) = i**2 + 100*i - 1587. Determine m(13).
-118
Let q(a) = -3035849*a - 3035854. Give q(-1).
-5
Let f(o) = -3854831*o + 19274148. What is f(5)?
-7
Let u(j) = 478*j**2 + 15835*j + 1976. Determine u(-33).
-37
Let a(y) = -5516*y + 27602. Calculate a(5).
22
Let o(g) = -1167*g - 1512. Give o(-3).
1989
Let r(n) = 18892*n + 1756996. Determine r(-93).
40
Let k(o) = 808*o**3 - 3*o**2 + 310*o + 312. What is k(-1)?
-809
Let d(r) = 565*r**2 + 265549*r - 485. Give d(-470).
-15
Let u(f) = -3*f**3 + 333*f**2 + 21*f - 2312. Calculate u(111).
19
Let n(u) = 10*u**3 - 3*u**2 - 184*u - 13. Determine n(5).
242
Let d(k) = -25*k**2 + 5627*k - 5920. Give d(224).
128
Let j(z) = -z**3 - 11*z**2 + 124*z + 695. Calculate j(-17).
321
Let n(w) = -w**2 + 79*w + 29687. Give n(-131).
2177
Let d(u) = 6*u**2 - 1718*u - 38072. What is d(307)?
-4
Let q(s) = 5*s**3 + 85*s**2 - 55*s - 544. What is q(-17)?
391
Let n(v) = 111711*v - 1787377. Calculate n(16).
-1
Let a(k) = k**2 + 145*k + 4749. What is a(-104)?
485
Let h(b) = -14574*b - 11863238. Determine h(-814).
-2
Let s(l) = -245946*l + 1721750. Calculate s(7).
128
Let y(r) = 4*r**3 - 10*r**2 - 2392*r + 11947. Calculate y(5).
237
Let b(l) = -56611*l + 339080. What is b(6)?
-586
Let w(g) = -27*g**3 + 164*g**2 + 5*g + 72. What is w(6)?
174
Let l(u) = u**3 - 109*u**2 + 326*u - 74136. What is l(112)?
8
Let y(q) = -9506*q - 1007632. What is y(-106)?
4
Let f(m) = -22334*m + 11. Give f(0).
11
Let r(y) = 66*y**2 + 349*y + 439. Determine r(-3).
-14
Let u(s) = 2*s**3 - 4*s**2 + 3701*s - 14831. Give u(4).
37
Let p(d) = 2*d**3 + 374*d**2 - 10117*d + 2334. Determine p(-211).
13
Let r(j) = -5*j**2 - 360*j - 1024. What is r(-69)?
11
Let g(r) = 3*r**3 - 37*r**2 + 10*r - 79. Determine g(13).
389
Let q(f) = 415*f + 39692. Determine q(-101).
-2223
Let j(q) = -5*q**3 + 876*q**2 - 9187*q + 527. Calculate j(164).
35
Let t(g) = -702*g - 9984. Give t(-13).
-858
Let s(w) = -1307*w**2 - 45176*w + 19922. Determine s(-35).
7
Let i(k) = 4*k**2 + 232*k + 2171. What is i(-11)?
103
Let a(w) = -w**3 + 125*w**2 - 762*w - 440. Calculate a(7).
8
Let w(a) = 5156*a**2 + 30882*a - 272. Give w(-6).
52
Let l(x) = x**3 + 292*x**2 - 3649*x + 743. Determine l(-304).
1047
Let o(u) = -72542*u + 13420261. Calculate o(185).
-9
Let r(x) = -1681*x - 4302. What is r(-2)?
-940
Let c(w) = -40*w**2 - 1339*w - 612. Give c(-33).
15
Let w(g) = 3229*g + 342359. Give w(-106).
85
Let n(b) = 4*b**2 + 42*b - 1102. Calculate n(29).
3480
Let s(n) = -147926*n + 148037. Give s(1).
111
Let a(k) = k**3 - 662*k**2 - 1771*k - 148964. What is a(665)?
-4
Let a(x) = -4*x**3 + 62*x**2 + 10*x - 615. Calculate a(15).
-15
Let x(h) = h**3 - 4*h**2 - 1537*h + 18531. What is x(13)?
71
Let s(b) = 6*b**2 - 381*b + 2128. What is s(55)?
-677
Let t(h) = -h**3 - h**2 - 11080*h - 44362. Give t(-4).
6
Let o(q) = q**3 + 17*q**2 - 127*q - 38. Calculate o(-21).
865
Let p(q) = q**2 + 8134*q + 8761966. Give p(-1278).
-2
Let p(m) = m**3 + 47*m**2 - 63*m + 1326. What is p(-48)?
2046
Let t(l) = -9*l**2 + 12764*l + 51197. Give t(-4).
-3
Let k(b) = b**3 - 29*b**2 + 102*b + 440. What is k(24)?
8
Let m(y) = -y**3 + 63*y**2 + 79*y - 8690. Calculate m(62).
52
Let u(b) = -3076*b - 24022. Give u(-9).
3662
Let l(c) = c**3 - 4281*c**2 + 76758*c - 2. Calculate l(18).
430
Let o(t) = -93*t**2 - 1028*t + 97. What is o(-11)?
152
Let w(f) = -6*f**2 - 1481*f + 10346. What is w(7)?
-315
Let p(l) = 2*l**3 + 471*l**2 + 271*l + 6000. Give p(-235).
-2460
Let b(o) = -4*o**2 - 3887*o + 124278. Calculate b(31).
-63
Let r(x) = 386*x - 305. Calculate r(-3).
-1463
Let j(y) = -y**3 + 502*y**2 - 4*y + 30. Calculate j(0).
30
Let k(w) = w**2 + 57*w - 169319. Determine k(-441).
25
Let m(x) = 1317*x - 14491. Calculate m(11).
-4
Let w(j) = -2*j**3 + 19*j**2 - 203*j - 422. Wha